{"id":434,"date":"2024-03-02T06:30:00","date_gmt":"2024-03-02T05:30:00","guid":{"rendered":"http:\/\/podcast.whylder.com\/surftalk\/?post_type=podcast&#038;p=434"},"modified":"2024-03-02T00:26:20","modified_gmt":"2024-03-01T23:26:20","slug":"surf-on-europe-die-suche-nach-freiheit-innerhalb-europas","status":"publish","type":"podcast","link":"http:\/\/podcast.whylder.com\/surftalk\/podcast\/surf-on-europe-die-suche-nach-freiheit-innerhalb-europas\/","title":{"rendered":"Surf on, Europe &#8211; die Suche nach Freiheit innerhalb Europas"},"content":{"rendered":"\n<p>In dieser Woche begr\u00fc\u00dfen wir Paul als Gast bei VeyVey Production in K\u00f6ln. Er unterh\u00e4lt sich mit Lukas und Konstantin \u00fcber ihren ph\u00e4nomenalen Surf-Film \u201eSurf on, Europe\u201c. Erfahrt, welche H\u00f6hen und Tiefen die beiden durchleben mussten und welche Geduld sie f\u00fcr ihr Herzensprojekt aufbringen mussten. All dies und mehr in der aktuellen Folge!<\/p>\n\n\n\n<p>\u201eSurf on, Europe!\u201c entfaltet die Geschichten von drei Surfenthusiasten, die sich mit den Herausforderungen europ\u00e4ischer Normen und Werte auseinandersetzen. Majid, ein passionierter Kitesurfer in Tarifa, steht vor der schwierigen Aufgabe, seine Familie aus Marokko zusammenzuf\u00fchren, w\u00e4hrend er gegen Visumsbeschr\u00e4nkungen ank\u00e4mpft. In Biarritz setzt sich Margaux f\u00fcr Vielfalt und Inklusion ein, indem sie Europas erstes Surffestival mit Schwerpunkt auf LGBTQ-Freundlichkeit ins Leben ruft und damit traditionelle Geschlechterrollen hinterfragt. Rosy, die in Nordirland Surfboards gestaltet, muss sich den Ver\u00e4nderungen und Unsicherheiten stellen, die der Brexit mit sich bringt. Der Film beleuchtet die Suche nach Freiheit innerhalb Europas und die fortbestehenden K\u00e4mpfe, die diese Freiheit bedrohen.<\/p>\n\n\n\n<p>Viel Spa\u00df bei der Folge! <br>Yeeeew! <\/p>\n\n\n\n<p><strong>Surf on, Europe :<\/strong> <\/p>\n\n\n\n<p>Surffilmnacht: <a href=\"https:\/\/www.surffilmnacht.de\/\" data-type=\"URL\" data-id=\"https:\/\/www.surffilmnacht.de\/\">https:\/\/www.surffilmnacht.de\/<\/a><br>Instagram: <a href=\"http:\/\/www.instagram.com\/surf_on_europe\" data-type=\"URL\" data-id=\"www.instagram.com\/surf_on_europe\">www.instagram.com\/surf_on_europe<\/a><\/p>\n\n\n\n<p><\/p>\n\n\n\n<p>Spare 10% auf Salzwasser mit unserem Code: SURFTALK10AMB<br><a href=\"https:\/\/salzwasser.eu\/?ref=surftalkpodcast\">https:\/\/salzwasser.eu\/?ref=surftalkpodcast<\/a><br><br>Socials: <br><a href=\"https:\/\/www.instagram.com\/surftalkpodcast\/\">@surftalkpodcast<\/a><\/p>\n\n\n\n<p>Supported by: <br><a href=\"https:\/\/www.instagram.com\/salzwasser.eu\/\">@salzwasser.eu<\/a><br><a href=\"https:\/\/www.instagram.com\/delight_alliance_surfboards\/\">@delight_alliance_surfboards<br><\/a><a href=\"https:\/\/www.instagram.com\/polyola_surf\/\">@polyola_surf<\/a><\/p>\n\n\n\n<p><\/p>\n","protected":false},"excerpt":{"rendered":"<p>In dieser Woche begr\u00fc\u00dfen wir Paul als Gast bei VeyVey Production in K\u00f6ln. Er unterh\u00e4lt sich mit Lukas und Konstantin \u00fcber ihren ph\u00e4nomenalen Surf-Film \u201eSurf on, Europe\u201c. Erfahrt, welche H\u00f6hen und Tiefen die beiden durchleben mussten und welche Geduld sie f\u00fcr ihr Herzensprojekt aufbringen mussten. All dies und mehr in der aktuellen Folge! \u201eSurf on, [&hellip;]<\/p>\n","protected":false},"author":8,"featured_media":318,"menu_order":0,"comment_status":"open","ping_status":"closed","template":"","meta":{"episode_type":"audio","audio_file":"http:\/\/podcast.whylder.com\/files\/surftalk\/Surf on Europe 2.0_A01.mp3","podmotor_file_id":"","podmotor_episode_id":"","cover_image":"","cover_image_id":"","duration":"","filesize":"497.18k","filesize_raw":"509111","date_recorded":"","explicit":"","block":""},"tags":[133,2,24,69,66,79,4,56,388],"series":[696],"episode_featured_image":"http:\/\/podcast.whylder.com\/surftalk\/wp-content\/uploads\/sites\/2\/2023\/07\/1x1Black.png","episode_player_image":"http:\/\/podcast.whylder.com\/surftalk\/wp-content\/uploads\/sites\/2\/2023\/07\/1x1Black.png","download_link":"http:\/\/podcast.whylder.com\/surftalk\/podcast-download\/434\/surf-on-europe-die-suche-nach-freiheit-innerhalb-europas","player_link":"http:\/\/podcast.whylder.com\/surftalk\/podcast-player\/434\/surf-on-europe-die-suche-nach-freiheit-innerhalb-europas","audio_player":"<a class=\"wp-embedded-audio\" href=\"http:\/\/podcast.whylder.com\/surftalk\/podcast-player\/434\/surf-on-europe-die-suche-nach-freiheit-innerhalb-europas\">http:\/\/podcast.whylder.com\/surftalk\/podcast-player\/434\/surf-on-europe-die-suche-nach-freiheit-innerhalb-europas<\/a>","episode_data":{"playerMode":"dark","subscribeUrls":[],"rssFeedUrl":"http:\/\/podcast.whylder.com\/surftalk\/feed\/podcast\/surf-talk","embedCode":"<blockquote class=\"wp-embedded-content\" data-secret=\"C2PpCxIkA2\"><a href=\"http:\/\/podcast.whylder.com\/surftalk\/podcast\/surf-on-europe-die-suche-nach-freiheit-innerhalb-europas\/\">Surf on, Europe &#8211; die Suche nach Freiheit innerhalb Europas<\/a><\/blockquote><iframe sandbox=\"allow-scripts\" security=\"restricted\" src=\"http:\/\/podcast.whylder.com\/surftalk\/podcast\/surf-on-europe-die-suche-nach-freiheit-innerhalb-europas\/embed\/#?secret=C2PpCxIkA2\" width=\"500\" height=\"350\" title=\"&#8222;Surf on, Europe &#8211; die Suche nach Freiheit innerhalb Europas&#8220; &#8211; Surftalk\" data-secret=\"C2PpCxIkA2\" frameborder=\"0\" marginwidth=\"0\" marginheight=\"0\" scrolling=\"no\" class=\"wp-embedded-content\"><\/iframe><script>\n\/*! This file is auto-generated *\/\n!function(d,l){\"use strict\";l.querySelector&&d.addEventListener&&\"undefined\"!=typeof URL&&(d.wp=d.wp||{},d.wp.receiveEmbedMessage||(d.wp.receiveEmbedMessage=function(e){var t=e.data;if((t||t.secret||t.message||t.value)&&!\/[^a-zA-Z0-9]\/.test(t.secret)){for(var s,r,n,a=l.querySelectorAll('iframe[data-secret=\"'+t.secret+'\"]'),o=l.querySelectorAll('blockquote[data-secret=\"'+t.secret+'\"]'),c=new RegExp(\"^https?:$\",\"i\"),i=0;i<o.length;i++)o[i].style.display=\"none\";for(i=0;i<a.length;i++)s=a[i],e.source===s.contentWindow&&(s.removeAttribute(\"style\"),\"height\"===t.message?(1e3<(r=parseInt(t.value,10))?r=1e3:~~r<200&&(r=200),s.height=r):\"link\"===t.message&&(r=new URL(s.getAttribute(\"src\")),n=new URL(t.value),c.test(n.protocol))&&n.host===r.host&&l.activeElement===s&&(d.top.location.href=t.value))}},d.addEventListener(\"message\",d.wp.receiveEmbedMessage,!1),l.addEventListener(\"DOMContentLoaded\",function(){for(var e,t,s=l.querySelectorAll(\"iframe.wp-embedded-content\"),r=0;r<s.length;r++)(t=(e=s[r]).getAttribute(\"data-secret\"))||(t=Math.random().toString(36).substring(2,12),e.src+=\"#?secret=\"+t,e.setAttribute(\"data-secret\",t)),e.contentWindow.postMessage({message:\"ready\",secret:t},\"*\")},!1)))}(window,document);\n<\/script>\n"},"_links":{"self":[{"href":"http:\/\/podcast.whylder.com\/surftalk\/wp-json\/wp\/v2\/podcast\/434"}],"collection":[{"href":"http:\/\/podcast.whylder.com\/surftalk\/wp-json\/wp\/v2\/podcast"}],"about":[{"href":"http:\/\/podcast.whylder.com\/surftalk\/wp-json\/wp\/v2\/types\/podcast"}],"author":[{"embeddable":true,"href":"http:\/\/podcast.whylder.com\/surftalk\/wp-json\/wp\/v2\/users\/8"}],"replies":[{"embeddable":true,"href":"http:\/\/podcast.whylder.com\/surftalk\/wp-json\/wp\/v2\/comments?post=434"}],"wp:featuredmedia":[{"embeddable":true,"href":"http:\/\/podcast.whylder.com\/surftalk\/wp-json\/wp\/v2\/media\/318"}],"wp:attachment":[{"href":"http:\/\/podcast.whylder.com\/surftalk\/wp-json\/wp\/v2\/media?parent=434"}],"wp:term":[{"taxonomy":"post_tag","embeddable":true,"href":"http:\/\/podcast.whylder.com\/surftalk\/wp-json\/wp\/v2\/tags?post=434"},{"taxonomy":"series","embeddable":true,"href":"http:\/\/podcast.whylder.com\/surftalk\/wp-json\/wp\/v2\/series?post=434"}],"curies":[{"name":"wp","href":"https:\/\/api.w.org\/{rel}","templated":true}]}}

<p>In dieser Woche begrüßen wir Paul als Gast bei VeyVey Production in Köln. Er unterhält sich mit Lukas und Konstantin über ihren phänomenalen Surf-Film „Surf on, Europe“. Erfahrt, welche Höhen und Tiefen die beiden durchleben mussten und welche Geduld sie für ihr Herzensprojekt aufbringen mussten. All dies und mehr in der aktuellen Folge!</p>



<p>„Surf on, Europe!“ entfaltet die Geschichten von drei Surfenthusiasten, die sich mit den Herausforderungen europäischer Normen und Werte auseinandersetzen. Majid, ein passionierter Kitesurfer in Tarifa, steht vor der schwierigen Aufgabe, seine Familie aus Marokko zusammenzuführen, während er gegen Visumsbeschränkungen ankämpft. In Biarritz setzt sich Margaux für Vielfalt und Inklusion ein, indem sie Europas erstes Surffestival mit Schwerpunkt auf LGBTQ-Freundlichkeit ins Leben ruft und damit traditionelle Geschlechterrollen hinterfragt. Rosy, die in Nordirland Surfboards gestaltet, muss sich den Veränderungen und Unsicherheiten stellen, die der Brexit mit sich bringt. Der Film beleuchtet die Suche nach Freiheit innerhalb Europas und die fortbestehenden Kämpfe, die diese Freiheit bedrohen.</p>



<p>Viel Spaß bei der Folge! <br>Yeeeew! </p>



<p><strong>Surf on, Europe :</strong> </p>



<p>Surffilmnacht: <a href="https://www.surffilmnacht.de/" data-type="URL" data-id="https://www.surffilmnacht.de/">https://www.surffilmnacht.de/</a><br>Instagram: <a href="http://www.instagram.com/surf_on_europe" data-type="URL" data-id="www.instagram.com/surf_on_europe">www.instagram.com/surf_on_europe</a></p>



<p></p>



<p>Spare 10% auf Salzwasser mit unserem Code: SURFTALK10AMB<br><a href="https://salzwasser.eu/?ref=surftalkpodcast">https://salzwasser.eu/?ref=surftalkpodcast</a><br><br>Socials: <br><a href="https://www.instagram.com/surftalkpodcast/">@surftalkpodcast</a></p>



<p>Supported by: <br><a href="https://www.instagram.com/salzwasser.eu/">@salzwasser.eu</a><br><a href="https://www.instagram.com/delight_alliance_surfboards/">@delight_alliance_surfboards<br></a><a href="https://www.instagram.com/polyola_surf/">@polyola_surf</a></p>



<p></p>

<p>In dieser Woche begrüßen wir Paul als Gast bei VeyVey Production in Köln. Er unterhält sich mit Lukas und Konstantin über ihren phänomenalen Surf-Film „Surf on, Europe“. Erfahrt, welche Höhen und Tiefen die beiden durchleben mussten und welche Geduld sie für ihr Herzensprojekt aufbringen mussten. All dies und mehr in der aktuellen Folge! „Surf on, [&hellip;]</p>
